{"id":207,"date":"2021-02-15T11:53:04","date_gmt":"2021-02-15T11:53:04","guid":{"rendered":"https:\/\/drmika.ch\/?page_id=207"},"modified":"2024-08-31T06:39:36","modified_gmt":"2024-08-31T06:39:36","slug":"presbyopia","status":"publish","type":"page","link":"https:\/\/drmika.ch\/fr\/eye-disorders\/presbyopia\/","title":{"rendered":"La presbytie"},"content":{"rendered":"<section class=\"wpb-content-wrapper\"><p><\/p>\n<p>[vc_row][vc_column width=\u00a0\u00bb1\/6&Prime;][\/vc_column][vc_column width=\u00a0\u00bb2\/3&Prime;][vc_empty_space]<div class=\" agni-section-heading text-center ihda\" ><h2 class=\"section-heading-text \" style=\"font-size:30px;\"><span>La presbytie<\/span><\/h2><div class=\"section-divide-line divide-line text-center\"><span style=\"width:90px; height:1px; background-color:#ff655c\"><\/span><\/div><\/div>[vc_column_text]<\/p>\n<p style=\"text-align: justify;\"><strong>La presbytie<\/strong>\u00a0est un trouble visuel\u00a0d\u00fb \u00e0 une perte progressive de l\u2019accommodation (moyen par lequel l\u2019oeil ajuste la vue de loin ou de pr\u00e8s) du cristallin qui perd de sa souplesse. La presbytie est li\u00e9e \u00e0 l\u2019\u00e2ge et se manifeste \u00e0 partir de 40-45 ans.<\/p>\n<p>[\/vc_column_text][vc_empty_space]<div class=\" agni-image custom-image-container text-center\">\n\t\t\t<figure class=\"agni-image-figure\">\n\t\t\t\t<img loading=\"lazy\" decoding=\"async\" style=\"\" width=\"889\" height=\"500\" src=\"https:\/\/drmika.ch\/wp-content\/uploads\/2021\/03\/starczowzrocznosc.jpg\" class=\"fullwidth-image attachment-full  attachment-full\" alt=\"\" title=\"starczowzrocznosc\" srcset=\"https:\/\/drmika.ch\/wp-content\/uploads\/2021\/03\/starczowzrocznosc.jpg 889w, https:\/\/drmika.ch\/wp-content\/uploads\/2021\/03\/starczowzrocznosc-300x169.jpg 300w, https:\/\/drmika.ch\/wp-content\/uploads\/2021\/03\/starczowzrocznosc-768x432.jpg 768w\" sizes=\"auto, (max-width: 889px) 100vw, 889px\" \/>\n\t\t\t\t<figcaption class=\"vc_figure-caption\"><\/figcaption>\n\t\t\t<\/figure>\n\t\t<\/div>[vc_empty_space][\/vc_column][vc_column width=\u00a0\u00bb1\/6&Prime;][\/vc_column][\/vc_row][vc_row][vc_column]<div class=\"agni-content-block\"><section class=\"wpb-content-wrapper\"><p>[vc_row][vc_column width=\u00a0\u00bb1\/6&Prime;][\/vc_column][vc_column width=\u00a0\u00bb2\/3&Prime;][vc_column_text]<\/p>\n<h5 id=\"tw-target-text\" class=\"tw-data-text tw-text-large tw-ta\" dir=\"ltr\" style=\"text-align: center;\" data-placeholder=\"T\u0142umaczenie\" aria-label=\"Przet\u0142umaczony tekst\" data-ved=\"2ahUKEwi6verBuYqHAxWNSvEDHRgtBMQQ3ewLegQIBxAU\"><span class=\"Y2IQFc\" lang=\"fr\">En savoir plus sur les traitements<\/span><\/h5>\n<p>[\/vc_column_text][vc_empty_space][vc_row_inner][vc_column_inner width=\u00a0\u00bb1\/3&Prime;][\/vc_column_inner][vc_column_inner bg_color=\u00a0\u00bb#f4f4f4&Prime; width=\u00a0\u00bb1\/3&Prime;][vc_empty_space]<div class=\" agni-image custom-image-container text-center\">\n\t\t\t<figure class=\"agni-image-figure\">\n\t\t\t\t<img loading=\"lazy\" decoding=\"async\" style=\"\" width=\"263\" height=\"146\" src=\"https:\/\/drmika.ch\/wp-content\/uploads\/2021\/06\/pikto-6.png\" class=\"fullwidth-image attachment-full  attachment-full\" alt=\"\" title=\"Laser cataract surgery\" \/>\n\t\t\t\t<figcaption class=\"vc_figure-caption\"><\/figcaption>\n\t\t\t<\/figure>\n\t\t<\/div>[vc_empty_space][vc_column_text el_class=\u00a0\u00bbtext_element\u00a0\u00bb]<\/p>\n<h5 style=\"text-align: center;\"><a href=\"https:\/\/drmika.ch\/fr\/treatment\/refractive-surgery\/\"><strong>La chirurgie r\u00e9fractive<\/strong><\/a><\/h5>\n<p>[\/vc_column_text][\/vc_column_inner][vc_column_inner width=\u00a0\u00bb1\/3&Prime;][\/vc_column_inner][\/vc_row_inner][\/vc_column][vc_column width=\u00a0\u00bb1\/6&Prime;][\/vc_column][\/vc_row]<\/p>\n<\/section><\/div>[\/vc_column][\/vc_row][vc_row][vc_column][vc_empty_space height=\u00a0\u00bb50&Prime;][\/vc_column][\/vc_row]<\/p>\n<p><\/p>\n<\/section>","protected":false},"excerpt":{"rendered":"<p>[vc_row][vc_column width=\u00a0\u00bb1\/6&Prime;][\/vc_column][vc_column width=\u00a0\u00bb2\/3&Prime;][vc_empty_space][vc_column_text] La presbytie\u00a0est un trouble visuel\u00a0d\u00fb \u00e0 une perte progressive de l\u2019accommodation (moyen par lequel l\u2019oeil ajuste la vue de loin ou de pr\u00e8s) du cristallin qui perd de sa souplesse. La presbytie est li\u00e9e \u00e0 l\u2019\u00e2ge et se manifeste \u00e0 partir de 40-45 ans. [\/vc_column_text][vc_empty_space][vc_empty_space][\/vc_column][vc_column width=\u00a0\u00bb1\/6&Prime;][\/vc_column][\/vc_row][vc_row][vc_column][\/vc_column][\/vc_row][vc_row][vc_column][vc_empty_space height=\u00a0\u00bb50&Prime;][\/vc_column][\/vc_row]<\/p>\n","protected":false},"author":1,"featured_media":0,"parent":20,"menu_order":0,"comment_status":"closed","ping_status":"closed","template":"","meta":{"footnotes":""},"class_list":["post-207","page","type-page","status-publish","hentry"],"_links":{"self":[{"href":"https:\/\/drmika.ch\/fr\/wp-json\/wp\/v2\/pages\/207","targetHints":{"allow":["GET"]}}],"collection":[{"href":"https:\/\/drmika.ch\/fr\/wp-json\/wp\/v2\/pages"}],"about":[{"href":"https:\/\/drmika.ch\/fr\/wp-json\/wp\/v2\/types\/page"}],"author":[{"embeddable":true,"href":"https:\/\/drmika.ch\/fr\/wp-json\/wp\/v2\/users\/1"}],"replies":[{"embeddable":true,"href":"https:\/\/drmika.ch\/fr\/wp-json\/wp\/v2\/comments?post=207"}],"version-history":[{"count":6,"href":"https:\/\/drmika.ch\/fr\/wp-json\/wp\/v2\/pages\/207\/revisions"}],"predecessor-version":[{"id":3562,"href":"https:\/\/drmika.ch\/fr\/wp-json\/wp\/v2\/pages\/207\/revisions\/3562"}],"up":[{"embeddable":true,"href":"https:\/\/drmika.ch\/fr\/wp-json\/wp\/v2\/pages\/20"}],"wp:attachment":[{"href":"https:\/\/drmika.ch\/fr\/wp-json\/wp\/v2\/media?parent=207"}],"curies":[{"name":"wp","href":"https:\/\/api.w.org\/{rel}","templated":true}]}}

<section class="wpb-content-wrapper"><p></p>
<p>[vc_row][vc_column width= »1/6&Prime;][/vc_column][vc_column width= »2/3&Prime;][vc_empty_space]<div class=" agni-section-heading text-center ihda" ><h2 class="section-heading-text " style="font-size:30px;"><span>La presbytie</span></h2><div class="section-divide-line divide-line text-center"><span style="width:90px; height:1px; background-color:#ff655c"></span></div></div>[vc_column_text]</p>
<p style="text-align: justify;"><strong>La presbytie</strong> est un trouble visuel dû à une perte progressive de l’accommodation (moyen par lequel l’oeil ajuste la vue de loin ou de près) du cristallin qui perd de sa souplesse. La presbytie est liée à l’âge et se manifeste à partir de 40-45 ans.</p>
<p>[/vc_column_text][vc_empty_space]<div class=" agni-image custom-image-container text-center">
			<figure class="agni-image-figure">
				<img loading="lazy" decoding="async" style="" width="889" height="500" src="https://drmika.ch/wp-content/uploads/2021/03/starczowzrocznosc.jpg" class="fullwidth-image attachment-full  attachment-full" alt="" title="starczowzrocznosc" srcset="https://drmika.ch/wp-content/uploads/2021/03/starczowzrocznosc.jpg 889w, https://drmika.ch/wp-content/uploads/2021/03/starczowzrocznosc-300x169.jpg 300w, https://drmika.ch/wp-content/uploads/2021/03/starczowzrocznosc-768x432.jpg 768w" sizes="auto, (max-width: 889px) 100vw, 889px" />
				<figcaption class="vc_figure-caption"></figcaption>
			</figure>
		</div>[vc_empty_space][/vc_column][vc_column width= »1/6&Prime;][/vc_column][/vc_row][vc_row][vc_column]<div class="agni-content-block"><section class="wpb-content-wrapper"><p>[vc_row][vc_column width= »1/6&Prime;][/vc_column][vc_column width= »2/3&Prime;][vc_column_text]</p>
<h5 id="tw-target-text" class="tw-data-text tw-text-large tw-ta" dir="ltr" style="text-align: center;" data-placeholder="Tłumaczenie" aria-label="Przetłumaczony tekst" data-ved="2ahUKEwi6verBuYqHAxWNSvEDHRgtBMQQ3ewLegQIBxAU"><span class="Y2IQFc" lang="fr">En savoir plus sur les traitements</span></h5>
<p>[/vc_column_text][vc_empty_space][vc_row_inner][vc_column_inner width= »1/3&Prime;][/vc_column_inner][vc_column_inner bg_color= »#f4f4f4&Prime; width= »1/3&Prime;][vc_empty_space]<div class=" agni-image custom-image-container text-center">
			<figure class="agni-image-figure">
				<img loading="lazy" decoding="async" style="" width="263" height="146" src="https://drmika.ch/wp-content/uploads/2021/06/pikto-6.png" class="fullwidth-image attachment-full  attachment-full" alt="" title="Laser cataract surgery" />
				<figcaption class="vc_figure-caption"></figcaption>
			</figure>
		</div>[vc_empty_space][vc_column_text el_class= »text_element »]</p>
<h5 style="text-align: center;"><a href="https://drmika.ch/fr/treatment/refractive-surgery/"><strong>La chirurgie réfractive</strong></a></h5>
<p>[/vc_column_text][/vc_column_inner][vc_column_inner width= »1/3&Prime;][/vc_column_inner][/vc_row_inner][/vc_column][vc_column width= »1/6&Prime;][/vc_column][/vc_row]</p>
</section></div>[/vc_column][/vc_row][vc_row][vc_column][vc_empty_space height= »50&Prime;][/vc_column][/vc_row]</p>
<p></p>
</section>

<p>[vc_row][vc_column width= »1/6&Prime;][/vc_column][vc_column width= »2/3&Prime;][vc_empty_space][vc_column_text] La presbytie est un trouble visuel dû à une perte progressive de l’accommodation (moyen par lequel l’oeil ajuste la vue de loin ou de près) du cristallin qui perd de sa souplesse. La presbytie est liée à l’âge et se manifeste à partir de 40-45 ans. [/vc_column_text][vc_empty_space][vc_empty_space][/vc_column][vc_column width= »1/6&Prime;][/vc_column][/vc_row][vc_row][vc_column][/vc_column][/vc_row][vc_row][vc_column][vc_empty_space height= »50&Prime;][/vc_column][/vc_row]</p>
