{"id":211,"date":"2021-02-15T11:56:09","date_gmt":"2021-02-15T11:56:09","guid":{"rendered":"https:\/\/drmika.ch\/?page_id=211"},"modified":"2024-12-19T23:17:10","modified_gmt":"2024-12-19T23:17:10","slug":"cataract","status":"publish","type":"page","link":"https:\/\/drmika.ch\/fr\/eye-disorders\/cataract\/","title":{"rendered":"La cataracte"},"content":{"rendered":"<section class=\"wpb-content-wrapper\"><p>[vc_row][vc_column width=\u00a0\u00bb1\/6&Prime;][\/vc_column][vc_column width=\u00a0\u00bb2\/3&Prime;][vc_empty_space]<div class=\" agni-section-heading text-center ihda\" ><h2 class=\"section-heading-text \" style=\"font-size:30px;\"><span>La cataracte<\/span><\/h2><div class=\"section-divide-line divide-line text-center\"><span style=\"width:90px; height:1px; background-color:#ff655c\"><\/span><\/div><\/div>[vc_column_text]<\/p>\n<p style=\"text-align: justify;\"><strong>La cataracte <\/strong>est l&rsquo;une des causes les plus fr\u00e9quentes de perte de la vision. L&rsquo;opacification partielle ou totale du cristallin, due \u00e0 l\u2019alt\u00e9ration du m\u00e9tabolisme des fibres cristalliniennes est responsable d\u2019une baisse progressive de la vision. Les causes de la cataracte peuvent \u00eatre diverses. Dans la plupart des cas, elle est associ\u00e9e avec l\u2019\u00e2ge. Il existe d&rsquo;autres types tels que les cataractes cong\u00e9nitales (pr\u00e9sentes d\u00e8s la naissance), ou secondaires \u00e0 certaines maladies (uv\u00e9ite, diab\u00e8te, etc.), \u00e0 des m\u00e9dicaments (corticost\u00e9ro\u00efdes et autres) ou des traumatismes oculaires. La cataracte se d\u00e9veloppe g\u00e9n\u00e9ralement lentement, de sorte que les sympt\u00f4mes apparaissent progressivement. Les sympt\u00f4mes d&rsquo;une cataracte peuvent varier. Ils comprennent, entre autres: vision floue ou brouill\u00e9e de loin et parfois aussi de pr\u00e8s, \u00e9blouissement face \u00e0 la lumi\u00e8re du soleil ou aux phares de voiture. A noter que la myopisassions associ\u00e9e au cataracte peut am\u00e9liorer p\u00e9riodiquement la vision de pr\u00e8s. Dans ce cas, n&rsquo;ignorez pas le probl\u00e8me.<\/p>\n<p style=\"text-align: justify;\">Nous pouvons \u00e9valuer s&rsquo;il y a une cataracte naissante, c&rsquo;est pourquoi il est recommand\u00e9 de r\u00e9aliser des examens p\u00e9riodiques, si l&rsquo;on porte des lunettes ou lentilles de contact ou m\u00eame si nous n&rsquo;avons aucun sympt\u00f4me ophtalmique et apparemment nous avons une bonne vision.<\/p>\n<p style=\"text-align: justify;\">Le seul traitement efficace de la cataracte est la chirurgie.<\/p>\n<p>[\/vc_column_text][vc_empty_space][vc_column_text]<video id=\"my-video\" class=\"video-js vjs-big-play-centered vjs-fluid\" width=\"300\" height=\"150\" data-setup=\"{&quot;controls&quot;: true, &quot;autoplay&quot;: false, &quot;preload&quot;: &quot;auto&quot;}\"><source src=\"https:\/\/drmika.ch\/wp-content\/uploads\/movies\/Cat_Anim_Cataract_Formation.mp4\" type=\"video\/mp4\" \/><track kind=\"captions\" src=\"https:\/\/drmika.ch\/wp-content\/uploads\/2021\/05\/Cat_Anim_Cataract_Formation_FR.vtt\" srclang=\"fr\" label=\"French\" default=\"\" \/><\/video>[\/vc_column_text][vc_empty_space]<div class=\" agni-image custom-image-container text-center\">\n\t\t\t<figure class=\"agni-image-figure\">\n\t\t\t\t<img loading=\"lazy\" decoding=\"async\" style=\"\" width=\"884\" height=\"299\" src=\"https:\/\/drmika.ch\/wp-content\/uploads\/2021\/03\/Zacma-2-e1621584262357.jpg\" class=\"fullwidth-image attachment-full  attachment-full\" alt=\"\" title=\"Zacma (2)\" srcset=\"https:\/\/drmika.ch\/wp-content\/uploads\/2021\/03\/Zacma-2-e1621584262357.jpg 884w, https:\/\/drmika.ch\/wp-content\/uploads\/2021\/03\/Zacma-2-e1621584262357-300x101.jpg 300w, https:\/\/drmika.ch\/wp-content\/uploads\/2021\/03\/Zacma-2-e1621584262357-768x260.jpg 768w\" sizes=\"auto, (max-width: 884px) 100vw, 884px\" \/>\n\t\t\t\t<figcaption class=\"vc_figure-caption\"><\/figcaption>\n\t\t\t<\/figure>\n\t\t<\/div>[vc_empty_space][\/vc_column][vc_column width=\u00a0\u00bb1\/6&Prime;][\/vc_column][\/vc_row][vc_row][vc_column width=\u00a0\u00bb1\/6&Prime;][\/vc_column][vc_column width=\u00a0\u00bb2\/3&Prime;][vc_column_text]<\/p>\n<h5 id=\"tw-target-text\" class=\"tw-data-text tw-text-large tw-ta\" dir=\"ltr\" style=\"text-align: center;\" data-placeholder=\"T\u0142umaczenie\" aria-label=\"Przet\u0142umaczony tekst\" data-ved=\"2ahUKEwi6verBuYqHAxWNSvEDHRgtBMQQ3ewLegQIBxAU\"><span class=\"Y2IQFc\" lang=\"fr\">En savoir plus sur les traitements<\/span><\/h5>\n<p>[\/vc_column_text][vc_empty_space][vc_row_inner][vc_column_inner bg_color=\u00a0\u00bb#f4f4f4&Prime; width=\u00a0\u00bb1\/3&Prime;][vc_empty_space]<div class=\" agni-image custom-image-container text-center\">\n\t\t\t<figure class=\"agni-image-figure\">\n\t\t\t\t<a href=\"https:\/\/drmika.ch\/surgery\/cataract-surgery\/\"  target=\"_self\"><img loading=\"lazy\" decoding=\"async\" style=\"\" width=\"263\" height=\"146\" src=\"https:\/\/drmika.ch\/wp-content\/uploads\/2021\/06\/pikto-7.png\" class=\"fullwidth-image attachment-full  attachment-full\" alt=\"\" title=\"Cataract surgery\" \/><\/a>\n\t\t\t\t<figcaption class=\"vc_figure-caption\"><\/figcaption>\n\t\t\t<\/figure>\n\t\t<\/div>[vc_empty_space][vc_column_text el_class=\u00a0\u00bbtext_element\u00a0\u00bb]<\/p>\n<h5 style=\"text-align: center;\"><a href=\"https:\/\/drmika.ch\/surgery\/cataract-surgery\/\"><strong>La chirurgie de la cataracte<\/strong><\/a><\/h5>\n<p>[\/vc_column_text][\/vc_column_inner][vc_column_inner width=\u00a0\u00bb1\/3&Prime;][\/vc_column_inner][vc_column_inner bg_color=\u00a0\u00bb#f4f4f4&Prime; width=\u00a0\u00bb1\/3&Prime;][vc_empty_space]<div class=\" agni-image custom-image-container text-center\">\n\t\t\t<figure class=\"agni-image-figure\">\n\t\t\t\t<a href=\"https:\/\/drmika.ch\/cataract-surgery-laser\/\"  target=\"_self\"><img loading=\"lazy\" decoding=\"async\" style=\"\" width=\"263\" height=\"146\" src=\"https:\/\/drmika.ch\/wp-content\/uploads\/2021\/06\/pikto-6.png\" class=\"fullwidth-image attachment-full  attachment-full\" alt=\"\" title=\"Laser cataract surgery\" \/><\/a>\n\t\t\t\t<figcaption class=\"vc_figure-caption\"><\/figcaption>\n\t\t\t<\/figure>\n\t\t<\/div>[vc_empty_space height=\u00a0\u00bb25px\u00a0\u00bb][vc_column_text el_class=\u00a0\u00bbtext_element\u00a0\u00bb]<\/p>\n<h5 style=\"text-align: center;\"><a href=\"https:\/\/drmika.ch\/cataract-surgery-laser\/\"><strong>La chirurgie de la cataracte par laser<\/strong><\/a><\/h5>\n<p>[\/vc_column_text][\/vc_column_inner][\/vc_row_inner][\/vc_column][vc_column width=\u00a0\u00bb1\/6&Prime;][\/vc_column][\/vc_row][vc_row][vc_column][vc_empty_space][\/vc_column][\/vc_row]<\/p>\n<\/section>","protected":false},"excerpt":{"rendered":"<p>[vc_row][vc_column width=\u00a0\u00bb1\/6&Prime;][\/vc_column][vc_column width=\u00a0\u00bb2\/3&Prime;][vc_empty_space][vc_column_text] La cataracte est l&rsquo;une des causes les plus fr\u00e9quentes de perte de la vision. L&rsquo;opacification partielle ou totale du cristallin, due \u00e0 l\u2019alt\u00e9ration du m\u00e9tabolisme des fibres cristalliniennes est responsable d\u2019une baisse progressive de la vision. Les causes de la cataracte peuvent \u00eatre diverses. Dans la plupart des cas, elle est associ\u00e9e [&hellip;]<\/p>\n","protected":false},"author":1,"featured_media":0,"parent":20,"menu_order":0,"comment_status":"closed","ping_status":"closed","template":"","meta":{"footnotes":""},"class_list":["post-211","page","type-page","status-publish","hentry"],"_links":{"self":[{"href":"https:\/\/drmika.ch\/fr\/wp-json\/wp\/v2\/pages\/211","targetHints":{"allow":["GET"]}}],"collection":[{"href":"https:\/\/drmika.ch\/fr\/wp-json\/wp\/v2\/pages"}],"about":[{"href":"https:\/\/drmika.ch\/fr\/wp-json\/wp\/v2\/types\/page"}],"author":[{"embeddable":true,"href":"https:\/\/drmika.ch\/fr\/wp-json\/wp\/v2\/users\/1"}],"replies":[{"embeddable":true,"href":"https:\/\/drmika.ch\/fr\/wp-json\/wp\/v2\/comments?post=211"}],"version-history":[{"count":22,"href":"https:\/\/drmika.ch\/fr\/wp-json\/wp\/v2\/pages\/211\/revisions"}],"predecessor-version":[{"id":4158,"href":"https:\/\/drmika.ch\/fr\/wp-json\/wp\/v2\/pages\/211\/revisions\/4158"}],"up":[{"embeddable":true,"href":"https:\/\/drmika.ch\/fr\/wp-json\/wp\/v2\/pages\/20"}],"wp:attachment":[{"href":"https:\/\/drmika.ch\/fr\/wp-json\/wp\/v2\/media?parent=211"}],"curies":[{"name":"wp","href":"https:\/\/api.w.org\/{rel}","templated":true}]}}

<section class="wpb-content-wrapper"><p>[vc_row][vc_column width= »1/6&Prime;][/vc_column][vc_column width= »2/3&Prime;][vc_empty_space]<div class=" agni-section-heading text-center ihda" ><h2 class="section-heading-text " style="font-size:30px;"><span>La cataracte</span></h2><div class="section-divide-line divide-line text-center"><span style="width:90px; height:1px; background-color:#ff655c"></span></div></div>[vc_column_text]</p>
<p style="text-align: justify;"><strong>La cataracte </strong>est l&rsquo;une des causes les plus fréquentes de perte de la vision. L&rsquo;opacification partielle ou totale du cristallin, due à l’altération du métabolisme des fibres cristalliniennes est responsable d’une baisse progressive de la vision. Les causes de la cataracte peuvent être diverses. Dans la plupart des cas, elle est associée avec l’âge. Il existe d&rsquo;autres types tels que les cataractes congénitales (présentes dès la naissance), ou secondaires à certaines maladies (uvéite, diabète, etc.), à des médicaments (corticostéroïdes et autres) ou des traumatismes oculaires. La cataracte se développe généralement lentement, de sorte que les symptômes apparaissent progressivement. Les symptômes d&rsquo;une cataracte peuvent varier. Ils comprennent, entre autres: vision floue ou brouillée de loin et parfois aussi de près, éblouissement face à la lumière du soleil ou aux phares de voiture. A noter que la myopisassions associée au cataracte peut améliorer périodiquement la vision de près. Dans ce cas, n&rsquo;ignorez pas le problème.</p>
<p style="text-align: justify;">Nous pouvons évaluer s&rsquo;il y a une cataracte naissante, c&rsquo;est pourquoi il est recommandé de réaliser des examens périodiques, si l&rsquo;on porte des lunettes ou lentilles de contact ou même si nous n&rsquo;avons aucun symptôme ophtalmique et apparemment nous avons une bonne vision.</p>
<p style="text-align: justify;">Le seul traitement efficace de la cataracte est la chirurgie.</p>
<p>[/vc_column_text][vc_empty_space][vc_column_text]<video id="my-video" class="video-js vjs-big-play-centered vjs-fluid" width="300" height="150" data-setup="{&quot;controls&quot;: true, &quot;autoplay&quot;: false, &quot;preload&quot;: &quot;auto&quot;}"><source src="https://drmika.ch/wp-content/uploads/movies/Cat_Anim_Cataract_Formation.mp4" type="video/mp4" /><track kind="captions" src="https://drmika.ch/wp-content/uploads/2021/05/Cat_Anim_Cataract_Formation_FR.vtt" srclang="fr" label="French" default="" /></video>[/vc_column_text][vc_empty_space]<div class=" agni-image custom-image-container text-center">
			<figure class="agni-image-figure">
				<img loading="lazy" decoding="async" style="" width="884" height="299" src="https://drmika.ch/wp-content/uploads/2021/03/Zacma-2-e1621584262357.jpg" class="fullwidth-image attachment-full  attachment-full" alt="" title="Zacma (2)" srcset="https://drmika.ch/wp-content/uploads/2021/03/Zacma-2-e1621584262357.jpg 884w, https://drmika.ch/wp-content/uploads/2021/03/Zacma-2-e1621584262357-300x101.jpg 300w, https://drmika.ch/wp-content/uploads/2021/03/Zacma-2-e1621584262357-768x260.jpg 768w" sizes="auto, (max-width: 884px) 100vw, 884px" />
				<figcaption class="vc_figure-caption"></figcaption>
			</figure>
		</div>[vc_empty_space][/vc_column][vc_column width= »1/6&Prime;][/vc_column][/vc_row][vc_row][vc_column width= »1/6&Prime;][/vc_column][vc_column width= »2/3&Prime;][vc_column_text]</p>
<h5 id="tw-target-text" class="tw-data-text tw-text-large tw-ta" dir="ltr" style="text-align: center;" data-placeholder="Tłumaczenie" aria-label="Przetłumaczony tekst" data-ved="2ahUKEwi6verBuYqHAxWNSvEDHRgtBMQQ3ewLegQIBxAU"><span class="Y2IQFc" lang="fr">En savoir plus sur les traitements</span></h5>
<p>[/vc_column_text][vc_empty_space][vc_row_inner][vc_column_inner bg_color= »#f4f4f4&Prime; width= »1/3&Prime;][vc_empty_space]<div class=" agni-image custom-image-container text-center">
			<figure class="agni-image-figure">
				<a href="https://drmika.ch/surgery/cataract-surgery/"  target="_self"><img loading="lazy" decoding="async" style="" width="263" height="146" src="https://drmika.ch/wp-content/uploads/2021/06/pikto-7.png" class="fullwidth-image attachment-full  attachment-full" alt="" title="Cataract surgery" /></a>
				<figcaption class="vc_figure-caption"></figcaption>
			</figure>
		</div>[vc_empty_space][vc_column_text el_class= »text_element »]</p>
<h5 style="text-align: center;"><a href="https://drmika.ch/surgery/cataract-surgery/"><strong>La chirurgie de la cataracte</strong></a></h5>
<p>[/vc_column_text][/vc_column_inner][vc_column_inner width= »1/3&Prime;][/vc_column_inner][vc_column_inner bg_color= »#f4f4f4&Prime; width= »1/3&Prime;][vc_empty_space]<div class=" agni-image custom-image-container text-center">
			<figure class="agni-image-figure">
				<a href="https://drmika.ch/cataract-surgery-laser/"  target="_self"><img loading="lazy" decoding="async" style="" width="263" height="146" src="https://drmika.ch/wp-content/uploads/2021/06/pikto-6.png" class="fullwidth-image attachment-full  attachment-full" alt="" title="Laser cataract surgery" /></a>
				<figcaption class="vc_figure-caption"></figcaption>
			</figure>
		</div>[vc_empty_space height= »25px »][vc_column_text el_class= »text_element »]</p>
<h5 style="text-align: center;"><a href="https://drmika.ch/cataract-surgery-laser/"><strong>La chirurgie de la cataracte par laser</strong></a></h5>
<p>[/vc_column_text][/vc_column_inner][/vc_row_inner][/vc_column][vc_column width= »1/6&Prime;][/vc_column][/vc_row][vc_row][vc_column][vc_empty_space][/vc_column][/vc_row]</p>
</section>

<p>[vc_row][vc_column width= »1/6&Prime;][/vc_column][vc_column width= »2/3&Prime;][vc_empty_space][vc_column_text] La cataracte est l&rsquo;une des causes les plus fréquentes de perte de la vision. L&rsquo;opacification partielle ou totale du cristallin, due à l’altération du métabolisme des fibres cristalliniennes est responsable d’une baisse progressive de la vision. Les causes de la cataracte peuvent être diverses. Dans la plupart des cas, elle est associée [&hellip;]</p>
