{"id":217,"date":"2021-02-15T12:02:06","date_gmt":"2021-02-15T12:02:06","guid":{"rendered":"https:\/\/drmika.ch\/?page_id=217"},"modified":"2025-01-18T12:41:42","modified_gmt":"2025-01-18T12:41:42","slug":"amd","status":"publish","type":"page","link":"https:\/\/drmika.ch\/fr\/eye-disorders\/amd\/","title":{"rendered":"DMLA"},"content":{"rendered":"<section class=\"wpb-content-wrapper\"><p>[vc_row][vc_column width=\u00a0\u00bb1\/6&Prime;][\/vc_column][vc_column width=\u00a0\u00bb2\/3&Prime;][vc_empty_space]<div class=\" agni-section-heading text-center ihda\" ><h2 class=\"section-heading-text \" style=\"font-size:30px;\"><span>DMLA \u2013 D\u00e9g\u00e9n\u00e9rescence Maculaire Li\u00e9e \u00e0 l\u2019\u00c2ge<\/span><\/h2><div class=\"section-divide-line divide-line text-center\"><span style=\"width:90px; height:1px; background-color:#ff655c\"><\/span><\/div><\/div>[vc_column_text]<strong>DMLA \u2013 D\u00e9g\u00e9n\u00e9rescence Maculaire Li\u00e9e \u00e0 l\u2019\u00c2ge<\/strong>\u00a0est une maladie d\u00e9g\u00e9n\u00e9rative de la r\u00e9tine qui touche s\u00e9lectivement la zone centrale de la r\u00e9tine \u2013 r\u00e9gion maculaire. DMLA a une \u00e9volution chronique qui d\u00e9bute apr\u00e8s l\u2019\u00e2ge de 50-60 ans. Les symptomes entra\u00eenant une perte progressive de la vision centrale.<br \/>\nLa DMLA peut ainsi conduire \u00e0 une perte de la vision centrale, en laissant habituellement intacte la vision p\u00e9riph\u00e9rique.<\/p>\n<ul>\n<li>La d\u00e9g\u00e9n\u00e9rescence maculaire s\u00e8che \u2013 la forme de la maladie n\u2019est pas traitable. On peut seulement pr\u00e9venir la maladie en prenant quelques pr\u00e9cautions comme cesser de fumer, porter des lunettes de soleil et prendre des vitamines con\u00e7ues pour la pr\u00e9vention de la d\u00e9g\u00e9n\u00e9rescence maculaire.<\/li>\n<li>La d\u00e9g\u00e9n\u00e9rescence maculaire exudative (humide) : Apr\u00e8s quelques ann\u00e9es, une d\u00e9g\u00e9n\u00e9rescence maculaire s\u00e8che peut devenir humide. Cela se produit lorsque de nouveaux vaisseaux sanguins apparaissent dans la choro\u00efde. Les nouveaux vaisseaux sont fragiles, il peut donc y avoir des fuites de sang qui provoqueront des h\u00e9morragies. Contrairement \u00e0 la forme s\u00e8che de la maladie, on peut traiter la d\u00e9g\u00e9n\u00e9rescence maculaire humide pour pr\u00e9server le maximum de vision.<\/li>\n<\/ul>\n<p>[\/vc_column_text][vc_empty_space]<div class=\" agni-image custom-image-container text-center\">\n\t\t\t<figure class=\"agni-image-figure\">\n\t\t\t\t<img loading=\"lazy\" decoding=\"async\" style=\"\" width=\"884\" height=\"299\" src=\"https:\/\/drmika.ch\/wp-content\/uploads\/2021\/03\/AMD-e1621584446157.png\" class=\"fullwidth-image attachment-full  attachment-full\" alt=\"\" title=\"AMD\" srcset=\"https:\/\/drmika.ch\/wp-content\/uploads\/2021\/03\/AMD-e1621584446157.png 884w, https:\/\/drmika.ch\/wp-content\/uploads\/2021\/03\/AMD-e1621584446157-300x101.png 300w, https:\/\/drmika.ch\/wp-content\/uploads\/2021\/03\/AMD-e1621584446157-768x260.png 768w\" sizes=\"auto, (max-width: 884px) 100vw, 884px\" \/>\n\t\t\t\t<figcaption class=\"vc_figure-caption\"><\/figcaption>\n\t\t\t<\/figure>\n\t\t<\/div>[vc_empty_space][\/vc_column][vc_column width=\u00a0\u00bb1\/6&Prime;][\/vc_column][\/vc_row][vc_row][vc_column][vc_column_text]<\/p>\n<h5 id=\"tw-target-text\" class=\"tw-data-text tw-text-large tw-ta\" dir=\"ltr\" style=\"text-align: center;\" data-placeholder=\"T\u0142umaczenie\" aria-label=\"Przet\u0142umaczony tekst\" data-ved=\"2ahUKEwi6verBuYqHAxWNSvEDHRgtBMQQ3ewLegQIBxAU\"><span class=\"Y2IQFc\" lang=\"fr\">En savoir plus sur les traitements<\/span><\/h5>\n<p>[\/vc_column_text][vc_empty_space][\/vc_column][\/vc_row][vc_row][vc_column width=\u00a0\u00bb1\/6&Prime;][\/vc_column][vc_column width=\u00a0\u00bb2\/3&Prime;][vc_row_inner][vc_column_inner bg_color=\u00a0\u00bb#f4f4f4&Prime; width=\u00a0\u00bb1\/3&Prime;][vc_empty_space]<div class=\" agni-image custom-image-container text-center\">\n\t\t\t<figure class=\"agni-image-figure\">\n\t\t\t\t<a href=\"https:\/\/drmika.ch\/treatment\/\"  target=\"_self\"><img loading=\"lazy\" decoding=\"async\" style=\"\" width=\"263\" height=\"146\" src=\"https:\/\/drmika.ch\/wp-content\/uploads\/2021\/06\/pikto-1.png\" class=\"fullwidth-image attachment-full  attachment-full\" alt=\"\" title=\"Treatment\" \/><\/a>\n\t\t\t\t<figcaption class=\"vc_figure-caption\"><\/figcaption>\n\t\t\t<\/figure>\n\t\t<\/div>[vc_empty_space][vc_column_text el_class=\u00a0\u00bbtext_element\u00a0\u00bb]<\/p>\n<h5 class=\"section-heading-text \" style=\"text-align: center;\"><a href=\"https:\/\/drmika.ch\/treatment\/\">Traitement<\/a><\/h5>\n<p>[\/vc_column_text][\/vc_column_inner][vc_column_inner width=\u00a0\u00bb1\/3&Prime;][\/vc_column_inner][vc_column_inner bg_color=\u00a0\u00bb#f4f4f4&Prime; width=\u00a0\u00bb1\/3&Prime;][vc_empty_space]<div class=\" agni-image custom-image-container text-center\">\n\t\t\t<figure class=\"agni-image-figure\">\n\t\t\t\t<a href=\"https:\/\/drmika.ch\/surgery\/treatment-of-amd-with-intravitreal-injections-and-intraocular-vitreoretinal-surgery\/\"  target=\"_self\"><img loading=\"lazy\" decoding=\"async\" style=\"\" width=\"263\" height=\"146\" src=\"https:\/\/drmika.ch\/wp-content\/uploads\/2021\/06\/pikto-5.png\" class=\"fullwidth-image attachment-full  attachment-full\" alt=\"\" title=\"Surgery\" \/><\/a>\n\t\t\t\t<figcaption class=\"vc_figure-caption\"><\/figcaption>\n\t\t\t<\/figure>\n\t\t<\/div>[vc_empty_space][vc_column_text el_class=\u00a0\u00bbtext_element\u00a0\u00bb]<\/p>\n<h5 class=\"section-heading-text \" style=\"text-align: center;\"><a href=\"https:\/\/drmika.ch\/surgery\/treatment-of-amd-with-intravitreal-injections-and-intraocular-vitreoretinal-surgery\/\">Injections<\/a><\/h5>\n<p>[\/vc_column_text][\/vc_column_inner][\/vc_row_inner][\/vc_column][vc_column width=\u00a0\u00bb1\/6&Prime;][\/vc_column][\/vc_row][vc_row][vc_column][vc_empty_space height=\u00a0\u00bb50&Prime;][\/vc_column][\/vc_row]<\/p>\n<\/section>","protected":false},"excerpt":{"rendered":"<p>[vc_row][vc_column width=\u00a0\u00bb1\/6&Prime;][\/vc_column][vc_column width=\u00a0\u00bb2\/3&Prime;][vc_empty_space][vc_column_text]DMLA \u2013 D\u00e9g\u00e9n\u00e9rescence Maculaire Li\u00e9e \u00e0 l\u2019\u00c2ge\u00a0est une maladie d\u00e9g\u00e9n\u00e9rative de la r\u00e9tine qui touche s\u00e9lectivement la zone centrale de la r\u00e9tine \u2013 r\u00e9gion maculaire. DMLA a une \u00e9volution chronique qui d\u00e9bute apr\u00e8s l\u2019\u00e2ge de 50-60 ans. Les symptomes entra\u00eenant une perte progressive de la vision centrale. La DMLA peut ainsi conduire \u00e0 [&hellip;]<\/p>\n","protected":false},"author":1,"featured_media":0,"parent":20,"menu_order":0,"comment_status":"closed","ping_status":"closed","template":"","meta":{"footnotes":""},"class_list":["post-217","page","type-page","status-publish","hentry"],"_links":{"self":[{"href":"https:\/\/drmika.ch\/fr\/wp-json\/wp\/v2\/pages\/217","targetHints":{"allow":["GET"]}}],"collection":[{"href":"https:\/\/drmika.ch\/fr\/wp-json\/wp\/v2\/pages"}],"about":[{"href":"https:\/\/drmika.ch\/fr\/wp-json\/wp\/v2\/types\/page"}],"author":[{"embeddable":true,"href":"https:\/\/drmika.ch\/fr\/wp-json\/wp\/v2\/users\/1"}],"replies":[{"embeddable":true,"href":"https:\/\/drmika.ch\/fr\/wp-json\/wp\/v2\/comments?post=217"}],"version-history":[{"count":14,"href":"https:\/\/drmika.ch\/fr\/wp-json\/wp\/v2\/pages\/217\/revisions"}],"predecessor-version":[{"id":4257,"href":"https:\/\/drmika.ch\/fr\/wp-json\/wp\/v2\/pages\/217\/revisions\/4257"}],"up":[{"embeddable":true,"href":"https:\/\/drmika.ch\/fr\/wp-json\/wp\/v2\/pages\/20"}],"wp:attachment":[{"href":"https:\/\/drmika.ch\/fr\/wp-json\/wp\/v2\/media?parent=217"}],"curies":[{"name":"wp","href":"https:\/\/api.w.org\/{rel}","templated":true}]}}

<section class="wpb-content-wrapper"><p>[vc_row][vc_column width= »1/6&Prime;][/vc_column][vc_column width= »2/3&Prime;][vc_empty_space]<div class=" agni-section-heading text-center ihda" ><h2 class="section-heading-text " style="font-size:30px;"><span>DMLA – Dégénérescence Maculaire Liée à l’Âge</span></h2><div class="section-divide-line divide-line text-center"><span style="width:90px; height:1px; background-color:#ff655c"></span></div></div>[vc_column_text]<strong>DMLA – Dégénérescence Maculaire Liée à l’Âge</strong> est une maladie dégénérative de la rétine qui touche sélectivement la zone centrale de la rétine – région maculaire. DMLA a une évolution chronique qui débute après l’âge de 50-60 ans. Les symptomes entraînant une perte progressive de la vision centrale.<br />
La DMLA peut ainsi conduire à une perte de la vision centrale, en laissant habituellement intacte la vision périphérique.</p>
<ul>
<li>La dégénérescence maculaire sèche – la forme de la maladie n’est pas traitable. On peut seulement prévenir la maladie en prenant quelques précautions comme cesser de fumer, porter des lunettes de soleil et prendre des vitamines conçues pour la prévention de la dégénérescence maculaire.</li>
<li>La dégénérescence maculaire exudative (humide) : Après quelques années, une dégénérescence maculaire sèche peut devenir humide. Cela se produit lorsque de nouveaux vaisseaux sanguins apparaissent dans la choroïde. Les nouveaux vaisseaux sont fragiles, il peut donc y avoir des fuites de sang qui provoqueront des hémorragies. Contrairement à la forme sèche de la maladie, on peut traiter la dégénérescence maculaire humide pour préserver le maximum de vision.</li>
</ul>
<p>[/vc_column_text][vc_empty_space]<div class=" agni-image custom-image-container text-center">
			<figure class="agni-image-figure">
				<img loading="lazy" decoding="async" style="" width="884" height="299" src="https://drmika.ch/wp-content/uploads/2021/03/AMD-e1621584446157.png" class="fullwidth-image attachment-full  attachment-full" alt="" title="AMD" srcset="https://drmika.ch/wp-content/uploads/2021/03/AMD-e1621584446157.png 884w, https://drmika.ch/wp-content/uploads/2021/03/AMD-e1621584446157-300x101.png 300w, https://drmika.ch/wp-content/uploads/2021/03/AMD-e1621584446157-768x260.png 768w" sizes="auto, (max-width: 884px) 100vw, 884px" />
				<figcaption class="vc_figure-caption"></figcaption>
			</figure>
		</div>[vc_empty_space][/vc_column][vc_column width= »1/6&Prime;][/vc_column][/vc_row][vc_row][vc_column][vc_column_text]</p>
<h5 id="tw-target-text" class="tw-data-text tw-text-large tw-ta" dir="ltr" style="text-align: center;" data-placeholder="Tłumaczenie" aria-label="Przetłumaczony tekst" data-ved="2ahUKEwi6verBuYqHAxWNSvEDHRgtBMQQ3ewLegQIBxAU"><span class="Y2IQFc" lang="fr">En savoir plus sur les traitements</span></h5>
<p>[/vc_column_text][vc_empty_space][/vc_column][/vc_row][vc_row][vc_column width= »1/6&Prime;][/vc_column][vc_column width= »2/3&Prime;][vc_row_inner][vc_column_inner bg_color= »#f4f4f4&Prime; width= »1/3&Prime;][vc_empty_space]<div class=" agni-image custom-image-container text-center">
			<figure class="agni-image-figure">
				<a href="https://drmika.ch/treatment/"  target="_self"><img loading="lazy" decoding="async" style="" width="263" height="146" src="https://drmika.ch/wp-content/uploads/2021/06/pikto-1.png" class="fullwidth-image attachment-full  attachment-full" alt="" title="Treatment" /></a>
				<figcaption class="vc_figure-caption"></figcaption>
			</figure>
		</div>[vc_empty_space][vc_column_text el_class= »text_element »]</p>
<h5 class="section-heading-text " style="text-align: center;"><a href="https://drmika.ch/treatment/">Traitement</a></h5>
<p>[/vc_column_text][/vc_column_inner][vc_column_inner width= »1/3&Prime;][/vc_column_inner][vc_column_inner bg_color= »#f4f4f4&Prime; width= »1/3&Prime;][vc_empty_space]<div class=" agni-image custom-image-container text-center">
			<figure class="agni-image-figure">
				<a href="https://drmika.ch/surgery/treatment-of-amd-with-intravitreal-injections-and-intraocular-vitreoretinal-surgery/"  target="_self"><img loading="lazy" decoding="async" style="" width="263" height="146" src="https://drmika.ch/wp-content/uploads/2021/06/pikto-5.png" class="fullwidth-image attachment-full  attachment-full" alt="" title="Surgery" /></a>
				<figcaption class="vc_figure-caption"></figcaption>
			</figure>
		</div>[vc_empty_space][vc_column_text el_class= »text_element »]</p>
<h5 class="section-heading-text " style="text-align: center;"><a href="https://drmika.ch/surgery/treatment-of-amd-with-intravitreal-injections-and-intraocular-vitreoretinal-surgery/">Injections</a></h5>
<p>[/vc_column_text][/vc_column_inner][/vc_row_inner][/vc_column][vc_column width= »1/6&Prime;][/vc_column][/vc_row][vc_row][vc_column][vc_empty_space height= »50&Prime;][/vc_column][/vc_row]</p>
</section>

<p>[vc_row][vc_column width= »1/6&Prime;][/vc_column][vc_column width= »2/3&Prime;][vc_empty_space][vc_column_text]DMLA – Dégénérescence Maculaire Liée à l’Âge est une maladie dégénérative de la rétine qui touche sélectivement la zone centrale de la rétine – région maculaire. DMLA a une évolution chronique qui débute après l’âge de 50-60 ans. Les symptomes entraînant une perte progressive de la vision centrale. La DMLA peut ainsi conduire à [&hellip;]</p>
