{"id":3098,"date":"2021-02-25T14:19:21","date_gmt":"2021-02-25T14:19:21","guid":{"rendered":"https:\/\/drmika.ch\/?page_id=3098"},"modified":"2025-03-21T05:45:43","modified_gmt":"2025-03-21T05:45:43","slug":"femto-lasik","status":"publish","type":"page","link":"https:\/\/drmika.ch\/pl\/femto-lasik\/","title":{"rendered":"FEMTO-LASIK"},"content":{"rendered":"<section class=\"wpb-content-wrapper\"><p>[vc_row][vc_column width=&#8221;1\/6&#8243;][\/vc_column][vc_column width=&#8221;2\/3&#8243;][vc_empty_space]<div class=\" agni-section-heading text-center ihda\" ><h2 class=\"section-heading-text section-heading-text_responsive\" style=\"font-size:30px;\"><span>FEMTO LASIK (ALL-LASER LASIK)<\/span><\/h2><div class=\"section-divide-line divide-line text-center\"><span style=\"width:90px; height:1px; background-color:#ff655c\"><\/span><\/div><\/div>[vc_column_text]<\/p>\n<p style=\"text-align: justify;\">Laserowa korekcja wady wzroku metod\u0105 LASIK z wykorzystaniem lasera FEMTOsekundowego to najbardziej zaawansowany technicznie laserowy zabieg refrakcyjny proponowany Pa\u0144stwu w naszej praktyce.<\/p>\n<p style=\"text-align: justify;\">Podczas pierwszego etapu zabiegu wykonywany jest p\u0142atek rog\u00f3wki najnowocze\u015bniejszym <strong>laserem FEMTOsekundowym firmy Ziemer LDV Z8\u00ae<\/strong>. Nast\u0119pnie przy pomocy <strong>lasera excimerowego firmy Bausch &amp; Lomb Technolas\u00ae<\/strong> rog\u00f3wka jest modelowana aby skorygowa\u0107 istniej\u0105c\u0105 wad\u0119 wzroku. Ko\u0144cowym etapem zabiegu jest zamkni\u0119cie p\u0142atka rog\u00f3wki. Po zabiegu pacjent nosi ochronn\u0105 soczewk\u0119 kontaktow\u0105 przez okres 24 godzin.<\/p>\n<p style=\"text-align: justify;\">Zastosowanie lasera FEMTOsekundowego wp\u0142ywa na zwi\u0119kszenie precyzji wykonania powstaj\u0105cego p\u0142atka rog\u00f3wki co bezpo\u015brednio przek\u0142ada si\u0119 na czas rekonwalescencji oraz zakres wad mo\u017cliwych do skorygowania. Niepodwa\u017caln\u0105 korzy\u015bci\u0105 metody FEMTO LASIK jest ograniczenie b\u00f3lu i dyskomfortu, skr\u00f3cenie okresu gojenia si\u0119 oka po zabiegu oraz znaczne zwi\u0119kszenie bezpiecze\u0144stwa procedury.<\/p>\n<p>[\/vc_column_text][vc_column_text]<\/p>\n<p style=\"text-align: center;\"><video id=\"my-video\" class=\"video-js vjs-big-play-centered vjs-fluid\" width=\"300\" height=\"150\" data-setup=\"{&quot;controls&quot;: true, &quot;autoplay&quot;: false, &quot;preload&quot;: &quot;auto&quot;}\"><source src=\"https:\/\/drmika.ch\/wp-content\/uploads\/movies\/Ref_Anim_LASIK_Femto.mp4\" type=\"video\/mp4\" \/><track kind=\"captions\" src=\"https:\/\/drmika.ch\/wp-content\/uploads\/2021\/05\/Ref_Anim_LASIK_Femto_PL.vtt\" srclang=\"pl\" label=\"Polski\" default=\"\" \/><\/video><\/p>\n<p>[\/vc_column_text][vc_empty_space height=&#8221;50&#8243;][vc_column_text]<\/p>\n<p style=\"text-align: justify;\">Aby w\u0142a\u015bciwie przygotowa\u0107 si\u0119 do zabiegu chirurgii refrakcyjnej, nale\u017cy przez okres minimum 2 tygodni przed badaniem nie nosi\u0107 soczewek kontaktowych. Po ka\u017cdym rodzaju zabiegu nale\u017cy przez oko\u0142o miesi\u0105c unika\u0107 intensywnego wysi\u0142ku fizycznego, p\u0142ywania, opalania oraz przebywania w suchych i zadymionych pomieszczeniach. Skutki uboczne mog\u0105 wyst\u0105pi\u0107 i utrzymywa\u0107 si\u0119 nawet do kilku miesi\u0119cy po zabiegu. Nale\u017c\u0105 do nich sucho\u015b\u0107 oczu, zmniejszony kontrast widzenia po zmierzchu i odblaski podczas jazdy noc\u0105.<\/p>\n<p>[\/vc_column_text][vc_empty_space][vc_column_text]<\/p>\n<h6><a style=\"color: #ff655c;\">UWAGA<\/a><\/h6>\n<p style=\"text-align: justify;\">Wszystkie zabiegi wykonywane s\u0105 w warunkach ambulatoryjnych, w znieczuleniu miejscowym. Bezpo\u015brednio po zabiegu pacjent nie mo\u017ce prowadzi\u0107 pojazdu, zaleca si\u0119 tak\u017ce przyj\u015bcie w towarzystwie.<\/p>\n<p style=\"text-align: justify;\">Laserowa korekcja wzroku to szybka, bezpieczna i praktycznie bezbolesna metoda pozbycia si\u0119 wady wzroku. Pacjent mo\u017ce odzyska\u0107 dobry wzrok ju\u017c nast\u0119pnego dnia po zabiegu, jednak niewielkie wahania widzenia mog\u0105 utrzymywa\u0107 si\u0119 przez oko\u0142o miesi\u0105c.<\/p>\n<p>[\/vc_column_text][vc_empty_space][vc_column_text]<\/p>\n<h4 style=\"text-align: center;\"><a style=\"color: #ff655c; text-size: 15px; line-height: normal;\" href=\"https:\/\/drmika.ch\/contact\/\">Zadbaj o oczy \u2013 um\u00f3w wizyt\u0119<\/a><\/h4>\n<p>[\/vc_column_text][vc_row_inner content_placement=&#8221;middle&#8221;][vc_column_inner align=&#8221;center&#8221; width=&#8221;1\/2&#8243;][vc_column_text]<div class=\"_df_thumb \" id=\"df_3841\"  _slug=\"refractive-surgery\" data-title=\"chirurgie-refractive\" wpoptions=\"true\" thumb=\"https:\/\/drmika.ch\/wp-content\/uploads\/2024\/12\/FR-refractive-screen.png\" thumbtype=\"\" >Chirurgie R\u00e9fractive<\/div><script class=\"df-shortcode-script\" nowprocket type=\"application\/javascript\">window.option_df_3841 = {\"outline\":[],\"autoEnableOutline\":\"false\",\"autoEnableThumbnail\":\"false\",\"overwritePDFOutline\":\"false\",\"direction\":\"1\",\"pageSize\":\"0\",\"source\":\"https:\\\/\\\/drmika.ch\\\/wp-content\\\/uploads\\\/2024\\\/09\\\/RefractiveSurgeryFR.pdf\",\"wpOptions\":\"true\"}; if(window.DFLIP && window.DFLIP.parseBooks){window.DFLIP.parseBooks();}<\/script>[\/vc_column_text][\/vc_column_inner][vc_column_inner align=&#8221;center&#8221; width=&#8221;1\/2&#8243;][vc_column_text]<div class=\"_df_thumb \" id=\"df_4301\"  _slug=\"lasik-premium-laser-vision-correction\" data-title=\"english-lasik-premium-laser-vision-correction\" wpoptions=\"true\" thumb=\"https:\/\/drmika.ch\/wp-content\/uploads\/2025\/03\/lasik_cover.png\" thumbtype=\"\" >(English) LASIK  &#8211; Premium Laser Vision Correction<\/div><script class=\"df-shortcode-script\" nowprocket type=\"application\/javascript\">window.option_df_4301 = {\"outline\":[],\"autoEnableOutline\":\"false\",\"autoEnableThumbnail\":\"false\",\"overwritePDFOutline\":\"false\",\"direction\":\"1\",\"pageSize\":\"0\",\"source\":\"https:\\\/\\\/drmika.ch\\\/wp-content\\\/uploads\\\/2025\\\/03\\\/brochure_hd_lasik_fr.pdf\",\"wpOptions\":\"true\"}; if(window.DFLIP && window.DFLIP.parseBooks){window.DFLIP.parseBooks();}<\/script>[\/vc_column_text][\/vc_column_inner][\/vc_row_inner][vc_row_inner][vc_column_inner align=&#8221;center&#8221;][vc_empty_space]<div class=\" agni-section-heading text-center ihda\" ><h2 class=\"section-heading-text \" style=\"font-size:30px;\"><span>Zobacz wi\u0119cej<\/span><\/h2><div class=\"section-divide-line divide-line text-center\"><span style=\"width:90px; height:1px; background-color:#ff655c\"><\/span><\/div><\/div>\n\t\t\t<!-- START seemore lasik REVOLUTION SLIDER 6.6.5 --><p class=\"rs-p-wp-fix\"><\/p>\n\t\t\t<rs-module-wrap id=\"rev_slider_100_3_wrapper\" data-source=\"gallery\" style=\"visibility:hidden;background:transparent;padding:0;margin:0px auto;margin-top:0;margin-bottom:0;\">\n\t\t\t\t<rs-module id=\"rev_slider_100_3\" style=\"\" data-version=\"6.6.5\">\n\t\t\t\t\t<rs-slides style=\"overflow: hidden; position: absolute;\">\n\t\t\t\t\t\t<rs-slide style=\"position: absolute;\" data-key=\"rs-200\" data-title=\"Slide\" data-in=\"o:0;\" data-out=\"a:false;\">\n\t\t\t\t\t\t\t<img decoding=\"async\" src=\"\/\/drmika.ch\/wp-content\/plugins\/revslider\/public\/assets\/assets\/dummy.png\" alt=\"Slide\" title=\"FEMTO-LASIK\" class=\"rev-slidebg tp-rs-img rs-lazyload\" data-lazyload=\"\/\/drmika.ch\/wp-content\/plugins\/revslider\/public\/assets\/assets\/transparent.png\" data-no-retina>\n<!--\n\t\t\t\t\t\t\t--><a\n\t\t\t\t\t\t\t\tid=\"slider-100-slide-200-layer-20\" \n\t\t\t\t\t\t\t\tclass=\"rs-layer\"\n\t\t\t\t\t\t\t\thref=\"https:\/\/drmika.ch\/more-about-eye-treatment\/#movie6\" target=\"_self\"\n\t\t\t\t\t\t\t\tdata-type=\"image\"\n\t\t\t\t\t\t\t\tdata-rsp_ch=\"on\"\n\t\t\t\t\t\t\t\tdata-xy=\"x:c;yo:0,0,0,1400px;\"\n\t\t\t\t\t\t\t\tdata-text=\"w:normal;\"\n\t\t\t\t\t\t\t\tdata-dim=\"w:250px,250px,250px,458px;h:137px,137px,137px,252px;\"\n\t\t\t\t\t\t\t\tdata-frame_999=\"o:0;st:w;\"\n\t\t\t\t\t\t\t\tstyle=\"z-index:16;\"\n\t\t\t\t\t\t\t><img decoding=\"async\" src=\"\/\/drmika.ch\/wp-content\/plugins\/revslider\/public\/assets\/assets\/dummy.png\" alt=\"\" class=\"tp-rs-img rs-lazyload\" width=\"2038\" height=\"1079\" data-lazyload=\"\/\/drmika.ch\/wp-content\/uploads\/2021\/06\/all_laser_lasik-e1622614652502.jpg\" data-no-retina> \n\t\t\t\t\t\t\t<\/a><!--\n-->\t\t\t\t\t\t<\/rs-slide>\n\t\t\t\t\t<\/rs-slides>\n\t\t\t\t<\/rs-module>\n\t\t\t\t<script>\n\t\t\t\t\tsetREVStartSize({c: 'rev_slider_100_3',rl:[1240,1240,778,480],el:[200,200,560,1702],gw:[850,850,850,850],gh:[200,200,200,200],type:'hero',justify:'',layout:'fullwidth',mh:\"0\"});if (window.RS_MODULES!==undefined && window.RS_MODULES.modules!==undefined && window.RS_MODULES.modules[\"revslider1003\"]!==undefined) {window.RS_MODULES.modules[\"revslider1003\"].once = false;window.revapi100_3 = undefined;if (window.RS_MODULES.checkMinimal!==undefined) window.RS_MODULES.checkMinimal()}\n\t\t\t\t<\/script>\n\t\t\t<\/rs-module-wrap>\n\t\t\t<!-- END REVOLUTION SLIDER -->\n[\/vc_column_inner][\/vc_row_inner][\/vc_column][vc_column width=&#8221;1\/6&#8243;][\/vc_column][\/vc_row][vc_row][vc_column][vc_empty_space height=&#8221;50px&#8221;][\/vc_column][\/vc_row][vc_row][vc_column width=&#8221;1\/5&#8243;][\/vc_column][vc_column width=&#8221;1\/5&#8243;][\/vc_column][vc_column align=&#8221;center&#8221; width=&#8221;1\/5&#8243;]<div class=\" agni-image custom-image-container text-center\">\n\t\t\t<figure class=\"agni-image-figure\">\n\t\t\t\t<a href=\"https:\/\/www.ziemergroup.com\/en\/patients\/laser-vision-correction\/z-lasik\/#clinic_ov\"  target=\"_blank\"><img loading=\"lazy\" decoding=\"async\" style=\"\" width=\"2396\" height=\"695\" src=\"https:\/\/drmika.ch\/wp-content\/uploads\/2024\/12\/FEMTO-LDV-Z8_Logo-transparent_with-addon_no-effect.png\" class=\"fullwidth-image attachment-full  attachment-full\" alt=\"\" title=\"FEMTO LDV Z8_Logo transparent_with addon_no effect\" srcset=\"https:\/\/drmika.ch\/wp-content\/uploads\/2024\/12\/FEMTO-LDV-Z8_Logo-transparent_with-addon_no-effect.png 2396w, https:\/\/drmika.ch\/wp-content\/uploads\/2024\/12\/FEMTO-LDV-Z8_Logo-transparent_with-addon_no-effect-300x87.png 300w, https:\/\/drmika.ch\/wp-content\/uploads\/2024\/12\/FEMTO-LDV-Z8_Logo-transparent_with-addon_no-effect-1024x297.png 1024w, https:\/\/drmika.ch\/wp-content\/uploads\/2024\/12\/FEMTO-LDV-Z8_Logo-transparent_with-addon_no-effect-768x223.png 768w, https:\/\/drmika.ch\/wp-content\/uploads\/2024\/12\/FEMTO-LDV-Z8_Logo-transparent_with-addon_no-effect-1536x446.png 1536w, https:\/\/drmika.ch\/wp-content\/uploads\/2024\/12\/FEMTO-LDV-Z8_Logo-transparent_with-addon_no-effect-2048x594.png 2048w, https:\/\/drmika.ch\/wp-content\/uploads\/2024\/12\/FEMTO-LDV-Z8_Logo-transparent_with-addon_no-effect-960x278.png 960w\" sizes=\"auto, (max-width: 2396px) 100vw, 2396px\" \/><\/a>\n\t\t\t\t<figcaption class=\"vc_figure-caption\"><\/figcaption>\n\t\t\t<\/figure>\n\t\t<\/div>[\/vc_column][vc_column width=&#8221;1\/5&#8243;][\/vc_column][vc_column width=&#8221;1\/5&#8243;][\/vc_column][\/vc_row][vc_row][vc_column][vc_empty_space height=&#8221;50px&#8221;][\/vc_column][\/vc_row]<\/p>\n<\/section>","protected":false},"excerpt":{"rendered":"<p>[vc_row][vc_column width=&#8221;1\/6&#8243;][\/vc_column][vc_column width=&#8221;2\/3&#8243;][vc_empty_space][vc_column_text] Laserowa korekcja wady wzroku metod\u0105 LASIK z wykorzystaniem lasera FEMTOsekundowego to najbardziej zaawansowany technicznie laserowy zabieg refrakcyjny proponowany Pa\u0144stwu w naszej praktyce. Podczas pierwszego etapu zabiegu wykonywany jest p\u0142atek rog\u00f3wki najnowocze\u015bniejszym laserem FEMTOsekundowym firmy Ziemer LDV Z8\u00ae. Nast\u0119pnie przy pomocy lasera excimerowego firmy Bausch &amp; Lomb Technolas\u00ae rog\u00f3wka jest modelowana aby skorygowa\u0107 [&hellip;]<\/p>\n","protected":false},"author":1,"featured_media":0,"parent":0,"menu_order":0,"comment_status":"closed","ping_status":"closed","template":"","meta":{"footnotes":""},"class_list":["post-3098","page","type-page","status-publish","hentry"],"_links":{"self":[{"href":"https:\/\/drmika.ch\/pl\/wp-json\/wp\/v2\/pages\/3098","targetHints":{"allow":["GET"]}}],"collection":[{"href":"https:\/\/drmika.ch\/pl\/wp-json\/wp\/v2\/pages"}],"about":[{"href":"https:\/\/drmika.ch\/pl\/wp-json\/wp\/v2\/types\/page"}],"author":[{"embeddable":true,"href":"https:\/\/drmika.ch\/pl\/wp-json\/wp\/v2\/users\/1"}],"replies":[{"embeddable":true,"href":"https:\/\/drmika.ch\/pl\/wp-json\/wp\/v2\/comments?post=3098"}],"version-history":[{"count":60,"href":"https:\/\/drmika.ch\/pl\/wp-json\/wp\/v2\/pages\/3098\/revisions"}],"predecessor-version":[{"id":4306,"href":"https:\/\/drmika.ch\/pl\/wp-json\/wp\/v2\/pages\/3098\/revisions\/4306"}],"wp:attachment":[{"href":"https:\/\/drmika.ch\/pl\/wp-json\/wp\/v2\/media?parent=3098"}],"curies":[{"name":"wp","href":"https:\/\/api.w.org\/{rel}","templated":true}]}}

<section class="wpb-content-wrapper"><p>[vc_row][vc_column width=&#8221;1/6&#8243;][/vc_column][vc_column width=&#8221;2/3&#8243;][vc_empty_space]<div class=" agni-section-heading text-center ihda" ><h2 class="section-heading-text section-heading-text_responsive" style="font-size:30px;"><span>FEMTO LASIK (ALL-LASER LASIK)</span></h2><div class="section-divide-line divide-line text-center"><span style="width:90px; height:1px; background-color:#ff655c"></span></div></div>[vc_column_text]</p>
<p style="text-align: justify;">Laserowa korekcja wady wzroku metodą LASIK z wykorzystaniem lasera FEMTOsekundowego to najbardziej zaawansowany technicznie laserowy zabieg refrakcyjny proponowany Państwu w naszej praktyce.</p>
<p style="text-align: justify;">Podczas pierwszego etapu zabiegu wykonywany jest płatek rogówki najnowocześniejszym <strong>laserem FEMTOsekundowym firmy Ziemer LDV Z8®</strong>. Następnie przy pomocy <strong>lasera excimerowego firmy Bausch &amp; Lomb Technolas®</strong> rogówka jest modelowana aby skorygować istniejącą wadę wzroku. Końcowym etapem zabiegu jest zamknięcie płatka rogówki. Po zabiegu pacjent nosi ochronną soczewkę kontaktową przez okres 24 godzin.</p>
<p style="text-align: justify;">Zastosowanie lasera FEMTOsekundowego wpływa na zwiększenie precyzji wykonania powstającego płatka rogówki co bezpośrednio przekłada się na czas rekonwalescencji oraz zakres wad możliwych do skorygowania. Niepodważalną korzyścią metody FEMTO LASIK jest ograniczenie bólu i dyskomfortu, skrócenie okresu gojenia się oka po zabiegu oraz znaczne zwiększenie bezpieczeństwa procedury.</p>
<p>[/vc_column_text][vc_column_text]</p>
<p style="text-align: center;"><video id="my-video" class="video-js vjs-big-play-centered vjs-fluid" width="300" height="150" data-setup="{&quot;controls&quot;: true, &quot;autoplay&quot;: false, &quot;preload&quot;: &quot;auto&quot;}"><source src="https://drmika.ch/wp-content/uploads/movies/Ref_Anim_LASIK_Femto.mp4" type="video/mp4" /><track kind="captions" src="https://drmika.ch/wp-content/uploads/2021/05/Ref_Anim_LASIK_Femto_PL.vtt" srclang="pl" label="Polski" default="" /></video></p>
<p>[/vc_column_text][vc_empty_space height=&#8221;50&#8243;][vc_column_text]</p>
<p style="text-align: justify;">Aby właściwie przygotować się do zabiegu chirurgii refrakcyjnej, należy przez okres minimum 2 tygodni przed badaniem nie nosić soczewek kontaktowych. Po każdym rodzaju zabiegu należy przez około miesiąc unikać intensywnego wysiłku fizycznego, pływania, opalania oraz przebywania w suchych i zadymionych pomieszczeniach. Skutki uboczne mogą wystąpić i utrzymywać się nawet do kilku miesięcy po zabiegu. Należą do nich suchość oczu, zmniejszony kontrast widzenia po zmierzchu i odblaski podczas jazdy nocą.</p>
<p>[/vc_column_text][vc_empty_space][vc_column_text]</p>
<h6><a style="color: #ff655c;">UWAGA</a></h6>
<p style="text-align: justify;">Wszystkie zabiegi wykonywane są w warunkach ambulatoryjnych, w znieczuleniu miejscowym. Bezpośrednio po zabiegu pacjent nie może prowadzić pojazdu, zaleca się także przyjście w towarzystwie.</p>
<p style="text-align: justify;">Laserowa korekcja wzroku to szybka, bezpieczna i praktycznie bezbolesna metoda pozbycia się wady wzroku. Pacjent może odzyskać dobry wzrok już następnego dnia po zabiegu, jednak niewielkie wahania widzenia mogą utrzymywać się przez około miesiąc.</p>
<p>[/vc_column_text][vc_empty_space][vc_column_text]</p>
<h4 style="text-align: center;"><a style="color: #ff655c; text-size: 15px; line-height: normal;" href="https://drmika.ch/contact/">Zadbaj o oczy – umów wizytę</a></h4>
<p>[/vc_column_text][vc_row_inner content_placement=&#8221;middle&#8221;][vc_column_inner align=&#8221;center&#8221; width=&#8221;1/2&#8243;][vc_column_text]<div class="_df_thumb " id="df_3841"  _slug="refractive-surgery" data-title="chirurgie-refractive" wpoptions="true" thumb="https://drmika.ch/wp-content/uploads/2024/12/FR-refractive-screen.png" thumbtype="" >Chirurgie Réfractive</div><script class="df-shortcode-script" nowprocket type="application/javascript">window.option_df_3841 = {"outline":[],"autoEnableOutline":"false","autoEnableThumbnail":"false","overwritePDFOutline":"false","direction":"1","pageSize":"0","source":"https:\/\/drmika.ch\/wp-content\/uploads\/2024\/09\/RefractiveSurgeryFR.pdf","wpOptions":"true"}; if(window.DFLIP && window.DFLIP.parseBooks){window.DFLIP.parseBooks();}</script>[/vc_column_text][/vc_column_inner][vc_column_inner align=&#8221;center&#8221; width=&#8221;1/2&#8243;][vc_column_text]<div class="_df_thumb " id="df_4301"  _slug="lasik-premium-laser-vision-correction" data-title="english-lasik-premium-laser-vision-correction" wpoptions="true" thumb="https://drmika.ch/wp-content/uploads/2025/03/lasik_cover.png" thumbtype="" >(English) LASIK  &#8211; Premium Laser Vision Correction</div><script class="df-shortcode-script" nowprocket type="application/javascript">window.option_df_4301 = {"outline":[],"autoEnableOutline":"false","autoEnableThumbnail":"false","overwritePDFOutline":"false","direction":"1","pageSize":"0","source":"https:\/\/drmika.ch\/wp-content\/uploads\/2025\/03\/brochure_hd_lasik_fr.pdf","wpOptions":"true"}; if(window.DFLIP && window.DFLIP.parseBooks){window.DFLIP.parseBooks();}</script>[/vc_column_text][/vc_column_inner][/vc_row_inner][vc_row_inner][vc_column_inner align=&#8221;center&#8221;][vc_empty_space]<div class=" agni-section-heading text-center ihda" ><h2 class="section-heading-text " style="font-size:30px;"><span>Zobacz więcej</span></h2><div class="section-divide-line divide-line text-center"><span style="width:90px; height:1px; background-color:#ff655c"></span></div></div>
			<!-- START seemore lasik REVOLUTION SLIDER 6.6.5 --><p class="rs-p-wp-fix"></p>
			<rs-module-wrap id="rev_slider_100_3_wrapper" data-source="gallery" style="visibility:hidden;background:transparent;padding:0;margin:0px auto;margin-top:0;margin-bottom:0;">
				<rs-module id="rev_slider_100_3" style="" data-version="6.6.5">
					<rs-slides style="overflow: hidden; position: absolute;">
						<rs-slide style="position: absolute;" data-key="rs-200" data-title="Slide" data-in="o:0;" data-out="a:false;">
							<img decoding="async" src="//drmika.ch/wp-content/plugins/revslider/public/assets/assets/dummy.png" alt="Slide" title="FEMTO-LASIK" class="rev-slidebg tp-rs-img rs-lazyload" data-lazyload="//drmika.ch/wp-content/plugins/revslider/public/assets/assets/transparent.png" data-no-retina>
<!--
							--><a
								id="slider-100-slide-200-layer-20" 
								class="rs-layer"
								href="https://drmika.ch/more-about-eye-treatment/#movie6" target="_self"
								data-type="image"
								data-rsp_ch="on"
								data-xy="x:c;yo:0,0,0,1400px;"
								data-text="w:normal;"
								data-dim="w:250px,250px,250px,458px;h:137px,137px,137px,252px;"
								data-frame_999="o:0;st:w;"
								style="z-index:16;"
							><img decoding="async" src="//drmika.ch/wp-content/plugins/revslider/public/assets/assets/dummy.png" alt="" class="tp-rs-img rs-lazyload" width="2038" height="1079" data-lazyload="//drmika.ch/wp-content/uploads/2021/06/all_laser_lasik-e1622614652502.jpg" data-no-retina> 
							</a><!--
-->						</rs-slide>
					</rs-slides>
				</rs-module>
				<script>
					setREVStartSize({c: 'rev_slider_100_3',rl:[1240,1240,778,480],el:[200,200,560,1702],gw:[850,850,850,850],gh:[200,200,200,200],type:'hero',justify:'',layout:'fullwidth',mh:"0"});if (window.RS_MODULES!==undefined && window.RS_MODULES.modules!==undefined && window.RS_MODULES.modules["revslider1003"]!==undefined) {window.RS_MODULES.modules["revslider1003"].once = false;window.revapi100_3 = undefined;if (window.RS_MODULES.checkMinimal!==undefined) window.RS_MODULES.checkMinimal()}
				</script>
			</rs-module-wrap>
			<!-- END REVOLUTION SLIDER -->
[/vc_column_inner][/vc_row_inner][/vc_column][vc_column width=&#8221;1/6&#8243;][/vc_column][/vc_row][vc_row][vc_column][vc_empty_space height=&#8221;50px&#8221;][/vc_column][/vc_row][vc_row][vc_column width=&#8221;1/5&#8243;][/vc_column][vc_column width=&#8221;1/5&#8243;][/vc_column][vc_column align=&#8221;center&#8221; width=&#8221;1/5&#8243;]<div class=" agni-image custom-image-container text-center">
			<figure class="agni-image-figure">
				<a href="https://www.ziemergroup.com/en/patients/laser-vision-correction/z-lasik/#clinic_ov"  target="_blank"><img loading="lazy" decoding="async" style="" width="2396" height="695" src="https://drmika.ch/wp-content/uploads/2024/12/FEMTO-LDV-Z8_Logo-transparent_with-addon_no-effect.png" class="fullwidth-image attachment-full  attachment-full" alt="" title="FEMTO LDV Z8_Logo transparent_with addon_no effect" srcset="https://drmika.ch/wp-content/uploads/2024/12/FEMTO-LDV-Z8_Logo-transparent_with-addon_no-effect.png 2396w, https://drmika.ch/wp-content/uploads/2024/12/FEMTO-LDV-Z8_Logo-transparent_with-addon_no-effect-300x87.png 300w, https://drmika.ch/wp-content/uploads/2024/12/FEMTO-LDV-Z8_Logo-transparent_with-addon_no-effect-1024x297.png 1024w, https://drmika.ch/wp-content/uploads/2024/12/FEMTO-LDV-Z8_Logo-transparent_with-addon_no-effect-768x223.png 768w, https://drmika.ch/wp-content/uploads/2024/12/FEMTO-LDV-Z8_Logo-transparent_with-addon_no-effect-1536x446.png 1536w, https://drmika.ch/wp-content/uploads/2024/12/FEMTO-LDV-Z8_Logo-transparent_with-addon_no-effect-2048x594.png 2048w, https://drmika.ch/wp-content/uploads/2024/12/FEMTO-LDV-Z8_Logo-transparent_with-addon_no-effect-960x278.png 960w" sizes="auto, (max-width: 2396px) 100vw, 2396px" /></a>
				<figcaption class="vc_figure-caption"></figcaption>
			</figure>
		</div>[/vc_column][vc_column width=&#8221;1/5&#8243;][/vc_column][vc_column width=&#8221;1/5&#8243;][/vc_column][/vc_row][vc_row][vc_column][vc_empty_space height=&#8221;50px&#8221;][/vc_column][/vc_row]</p>
</section>

<p>[vc_row][vc_column width=&#8221;1/6&#8243;][/vc_column][vc_column width=&#8221;2/3&#8243;][vc_empty_space][vc_column_text] Laserowa korekcja wady wzroku metodą LASIK z wykorzystaniem lasera FEMTOsekundowego to najbardziej zaawansowany technicznie laserowy zabieg refrakcyjny proponowany Państwu w naszej praktyce. Podczas pierwszego etapu zabiegu wykonywany jest płatek rogówki najnowocześniejszym laserem FEMTOsekundowym firmy Ziemer LDV Z8®. Następnie przy pomocy lasera excimerowego firmy Bausch &amp; Lomb Technolas® rogówka jest modelowana aby skorygować [&hellip;]</p>
