{"id":342,"date":"2021-02-25T14:03:56","date_gmt":"2021-02-25T14:03:56","guid":{"rendered":"https:\/\/drmika.ch\/?page_id=342"},"modified":"2024-12-12T21:56:29","modified_gmt":"2024-12-12T21:56:29","slug":"adaptation-of-glasses-and-contact-lenses","status":"publish","type":"page","link":"https:\/\/drmika.ch\/pl\/treatment\/adaptation-of-glasses-and-contact-lenses\/","title":{"rendered":"Dob\u00f3r okular\u00f3w oraz soczewek kontaktowych"},"content":{"rendered":"<section class=\"wpb-content-wrapper\"><p>[vc_row][vc_column width=&#8221;1\/6&#8243;][\/vc_column][vc_column width=&#8221;2\/3&#8243;][vc_empty_space]<div class=\" agni-section-heading text-center ihda\" ><h2 class=\"section-heading-text \" style=\"font-size:30px;\"><span>Dob\u00f3r okular\u00f3w oraz soczewek kontaktowych<\/span><\/h2><div class=\"section-divide-line divide-line text-center\"><span style=\"width:90px; height:1px; background-color:#ff655c\"><\/span><\/div><\/div>[vc_column_text]<\/p>\n<p style=\"text-align: justify;\">Okulary s\u0105 cz\u0119sto pierwszym i podstawowym sposobem korekcji wady wzroku. Nale\u017cy te\u017c pami\u0119ta\u0107, \u017ce w pewnym wieku najcz\u0119\u015bciej oko\u0142o 40 roku \u017cycia, okulary do czytania staj\u0105 si\u0119 przedmiotem niezb\u0119dnym do prawid\u0142owego i komfortowego funkcjonowania narz\u0105du wzroku a ich brak lub nieprawid\u0142owa korekcja okularowa mo\u017ce skutkowa\u0107 pojawieniem si\u0119 objaw\u00f3w astenopii tj. zm\u0119czenia oczu. Je\u015bli masz objawy takie jak: b\u00f3l g\u0142owy, g\u0142\u0119boki b\u00f3l ga\u0142ki ocznej, \u015bwiat\u0142owstr\u0119t, pogorszenie ostro\u015bci wzroku koniecznie udaj si\u0119 na badanie okulistyczne.<\/p>\n<p style=\"text-align: justify;\">Trzeba nadmieni\u0107, \u017ce okulary s\u0105 praktycznie jedyn\u0105 protez\u0105, kt\u00f3r\u0105 cz\u0142owiek ca\u0142kowicie zaakceptowa\u0142, a\u00a0noszenie okular\u00f3w nierzadko jest wr\u0119cz po\u017c\u0105dane ze wzgl\u0119d\u00f3w estetycznych, trend\u00f3w mody i\u00a0presti\u017cu. Proponujemy dob\u00f3r okular\u00f3w korekcyjnych i ochronnych. Olbrzymie do\u015bwiadczenie w\u00a0doborze okular\u00f3w jednoogniskowych, dwuogniskowych, progresywnych i specjalnych okular\u00f3w do pracy tzw. regresywnych gwarantuje satysfakcj\u0119.<\/p>\n<p style=\"text-align: justify;\">Dobrze dobrane okulary to komfort i zdrowe oczy.<\/p>\n<p style=\"text-align: justify;\">Specjalizujemy si\u0119 r\u00f3wnie\u017c w adaptacji r\u00f3\u017cnego rodzaju soczewek kontaktowych. Nale\u017cy pami\u0119ta\u0107, \u017ce stosowanie soczewek kontaktowych ma wiele zalet mi.in.: daje nieograniczone pole widzenia w\u00a0por\u00f3wnaniu do korekcji okularowej, co jest szczeg\u00f3lnie dobrze widoczne przy du\u017cych wadach wzroku, jak r\u00f3wnie\u017c nosz\u0105c soczewki kontaktowe pozbywamy si\u0119 problemu zaparowanych, zabrudzonych i\u00a0czasami ci\u0119\u017ckich szkie\u0142 okularowych. Warto wiedzie\u0107, \u017ce za pomoc\u0105 soczewek kontaktowych mo\u017cemy aktualnie korygowa\u0107 wszystkie rodzaje wad wzroku tj. kr\u00f3tkowzroczno\u015b\u0107, nadwzroczno\u015b\u0107, astygmatyzm a nawet starczowzroczno\u015b\u0107 (presbyopi\u0119). Soczewki daj\u0105 komfort, wygod\u0119 i bezpiecze\u0144stwo zar\u00f3wno podczas uprawiania sport\u00f3w, w czasie wolym od pracy jak i w \u017cyciu codziennym.<\/p>\n<p style=\"text-align: justify;\">Pami\u0119taj, \u017ce dobrze dobrane soczewki kontaktowe to komfort i zdrowe oczy.<\/p>\n<p>[\/vc_column_text][vc_empty_space][vc_column_text]<\/p>\n<h4 style=\"text-align: center;\"><a style=\"color: #ff655c; text-size: 15px;\" href=\"https:\/\/drmika.ch\/contact\/\">Zadbaj o oczy &#8211; um\u00f3w wizyt\u0119<\/a><\/h4>\n<p>[\/vc_column_text][vc_empty_space height=&#8221;50px&#8221;][\/vc_column][vc_column width=&#8221;1\/6&#8243;][\/vc_column][\/vc_row][vc_row][vc_column width=&#8221;1\/5&#8243;][\/vc_column][vc_column bg_color=&#8221;#f4f4f4&#8243; width=&#8221;1\/5&#8243;][\/vc_column][vc_column bg_color=&#8221;#f4f4f4&#8243; width=&#8221;1\/5&#8243;]<div class=\" agni-image custom-image-container text-center\">\n\t\t\t<figure class=\"agni-image-figure\">\n\t\t\t\t<a href=\"https:\/\/drmika.ch\/wearing-contact-lenses\/\"  target=\"_self\"><img loading=\"lazy\" decoding=\"async\" style=\"\" width=\"571\" height=\"309\" src=\"https:\/\/drmika.ch\/wp-content\/uploads\/2021\/05\/noszenie_soczewek_kontaktowych-e1621243745225.jpg\" class=\"fullwidth-image attachment-full  attachment-full\" alt=\"\" title=\"Wearing contact lenses\" srcset=\"https:\/\/drmika.ch\/wp-content\/uploads\/2021\/05\/noszenie_soczewek_kontaktowych-e1621243745225.jpg 571w, https:\/\/drmika.ch\/wp-content\/uploads\/2021\/05\/noszenie_soczewek_kontaktowych-e1621243745225-300x162.jpg 300w\" sizes=\"auto, (max-width: 571px) 100vw, 571px\" \/><\/a>\n\t\t\t\t<figcaption class=\"vc_figure-caption\"><\/figcaption>\n\t\t\t<\/figure>\n\t\t<\/div>[vc_empty_space][vc_column_text el_class=&#8221;text_element&#8221;]<\/p>\n<h5 class=\"section-heading-text \" style=\"text-align: center;\"><a href=\"https:\/\/drmika.ch\/wearing-contact-lenses\/\">Noszenie soczewek kontaktowych<\/a><\/h5>\n<p>[\/vc_column_text][\/vc_column][vc_column bg_color=&#8221;#f4f4f4&#8243; width=&#8221;1\/5&#8243;][\/vc_column][vc_column width=&#8221;1\/5&#8243;][\/vc_column][\/vc_row][vc_row][vc_column][vc_empty_space height=&#8221;50&#8243;][\/vc_column][\/vc_row]<\/p>\n<\/section>","protected":false},"excerpt":{"rendered":"<p>[vc_row][vc_column width=&#8221;1\/6&#8243;][\/vc_column][vc_column width=&#8221;2\/3&#8243;][vc_empty_space][vc_column_text] Okulary s\u0105 cz\u0119sto pierwszym i podstawowym sposobem korekcji wady wzroku. Nale\u017cy te\u017c pami\u0119ta\u0107, \u017ce w pewnym wieku najcz\u0119\u015bciej oko\u0142o 40 roku \u017cycia, okulary do czytania staj\u0105 si\u0119 przedmiotem niezb\u0119dnym do prawid\u0142owego i komfortowego funkcjonowania narz\u0105du wzroku a ich brak lub nieprawid\u0142owa korekcja okularowa mo\u017ce skutkowa\u0107 pojawieniem si\u0119 objaw\u00f3w astenopii tj. zm\u0119czenia oczu. [&hellip;]<\/p>\n","protected":false},"author":1,"featured_media":0,"parent":26,"menu_order":0,"comment_status":"closed","ping_status":"closed","template":"","meta":{"footnotes":""},"class_list":["post-342","page","type-page","status-publish","hentry"],"_links":{"self":[{"href":"https:\/\/drmika.ch\/pl\/wp-json\/wp\/v2\/pages\/342","targetHints":{"allow":["GET"]}}],"collection":[{"href":"https:\/\/drmika.ch\/pl\/wp-json\/wp\/v2\/pages"}],"about":[{"href":"https:\/\/drmika.ch\/pl\/wp-json\/wp\/v2\/types\/page"}],"author":[{"embeddable":true,"href":"https:\/\/drmika.ch\/pl\/wp-json\/wp\/v2\/users\/1"}],"replies":[{"embeddable":true,"href":"https:\/\/drmika.ch\/pl\/wp-json\/wp\/v2\/comments?post=342"}],"version-history":[{"count":17,"href":"https:\/\/drmika.ch\/pl\/wp-json\/wp\/v2\/pages\/342\/revisions"}],"predecessor-version":[{"id":4038,"href":"https:\/\/drmika.ch\/pl\/wp-json\/wp\/v2\/pages\/342\/revisions\/4038"}],"up":[{"embeddable":true,"href":"https:\/\/drmika.ch\/pl\/wp-json\/wp\/v2\/pages\/26"}],"wp:attachment":[{"href":"https:\/\/drmika.ch\/pl\/wp-json\/wp\/v2\/media?parent=342"}],"curies":[{"name":"wp","href":"https:\/\/api.w.org\/{rel}","templated":true}]}}

Dobór okularów oraz soczewek kontaktowych

<section class="wpb-content-wrapper"><p>[vc_row][vc_column width=&#8221;1/6&#8243;][/vc_column][vc_column width=&#8221;2/3&#8243;][vc_empty_space]<div class=" agni-section-heading text-center ihda" ><h2 class="section-heading-text " style="font-size:30px;"><span>Dobór okularów oraz soczewek kontaktowych</span></h2><div class="section-divide-line divide-line text-center"><span style="width:90px; height:1px; background-color:#ff655c"></span></div></div>[vc_column_text]</p>
<p style="text-align: justify;">Okulary są często pierwszym i podstawowym sposobem korekcji wady wzroku. Należy też pamiętać, że w pewnym wieku najczęściej około 40 roku życia, okulary do czytania stają się przedmiotem niezbędnym do prawidłowego i komfortowego funkcjonowania narządu wzroku a ich brak lub nieprawidłowa korekcja okularowa może skutkować pojawieniem się objawów astenopii tj. zmęczenia oczu. Jeśli masz objawy takie jak: ból głowy, głęboki ból gałki ocznej, światłowstręt, pogorszenie ostrości wzroku koniecznie udaj się na badanie okulistyczne.</p>
<p style="text-align: justify;">Trzeba nadmienić, że okulary są praktycznie jedyną protezą, którą człowiek całkowicie zaakceptował, a noszenie okularów nierzadko jest wręcz pożądane ze względów estetycznych, trendów mody i prestiżu. Proponujemy dobór okularów korekcyjnych i ochronnych. Olbrzymie doświadczenie w doborze okularów jednoogniskowych, dwuogniskowych, progresywnych i specjalnych okularów do pracy tzw. regresywnych gwarantuje satysfakcję.</p>
<p style="text-align: justify;">Dobrze dobrane okulary to komfort i zdrowe oczy.</p>
<p style="text-align: justify;">Specjalizujemy się również w adaptacji różnego rodzaju soczewek kontaktowych. Należy pamiętać, że stosowanie soczewek kontaktowych ma wiele zalet mi.in.: daje nieograniczone pole widzenia w porównaniu do korekcji okularowej, co jest szczególnie dobrze widoczne przy dużych wadach wzroku, jak również nosząc soczewki kontaktowe pozbywamy się problemu zaparowanych, zabrudzonych i czasami ciężkich szkieł okularowych. Warto wiedzieć, że za pomocą soczewek kontaktowych możemy aktualnie korygować wszystkie rodzaje wad wzroku tj. krótkowzroczność, nadwzroczność, astygmatyzm a nawet starczowzroczność (presbyopię). Soczewki dają komfort, wygodę i bezpieczeństwo zarówno podczas uprawiania sportów, w czasie wolym od pracy jak i w życiu codziennym.</p>
<p style="text-align: justify;">Pamiętaj, że dobrze dobrane soczewki kontaktowe to komfort i zdrowe oczy.</p>
<p>[/vc_column_text][vc_empty_space][vc_column_text]</p>
<h4 style="text-align: center;"><a style="color: #ff655c; text-size: 15px;" href="https://drmika.ch/contact/">Zadbaj o oczy &#8211; umów wizytę</a></h4>
<p>[/vc_column_text][vc_empty_space height=&#8221;50px&#8221;][/vc_column][vc_column width=&#8221;1/6&#8243;][/vc_column][/vc_row][vc_row][vc_column width=&#8221;1/5&#8243;][/vc_column][vc_column bg_color=&#8221;#f4f4f4&#8243; width=&#8221;1/5&#8243;][/vc_column][vc_column bg_color=&#8221;#f4f4f4&#8243; width=&#8221;1/5&#8243;]<div class=" agni-image custom-image-container text-center">
			<figure class="agni-image-figure">
				<a href="https://drmika.ch/wearing-contact-lenses/"  target="_self"><img loading="lazy" decoding="async" style="" width="571" height="309" src="https://drmika.ch/wp-content/uploads/2021/05/noszenie_soczewek_kontaktowych-e1621243745225.jpg" class="fullwidth-image attachment-full  attachment-full" alt="" title="Wearing contact lenses" srcset="https://drmika.ch/wp-content/uploads/2021/05/noszenie_soczewek_kontaktowych-e1621243745225.jpg 571w, https://drmika.ch/wp-content/uploads/2021/05/noszenie_soczewek_kontaktowych-e1621243745225-300x162.jpg 300w" sizes="auto, (max-width: 571px) 100vw, 571px" /></a>
				<figcaption class="vc_figure-caption"></figcaption>
			</figure>
		</div>[vc_empty_space][vc_column_text el_class=&#8221;text_element&#8221;]</p>
<h5 class="section-heading-text " style="text-align: center;"><a href="https://drmika.ch/wearing-contact-lenses/">Noszenie soczewek kontaktowych</a></h5>
<p>[/vc_column_text][/vc_column][vc_column bg_color=&#8221;#f4f4f4&#8243; width=&#8221;1/5&#8243;][/vc_column][vc_column width=&#8221;1/5&#8243;][/vc_column][/vc_row][vc_row][vc_column][vc_empty_space height=&#8221;50&#8243;][/vc_column][/vc_row]</p>
</section>

<p>[vc_row][vc_column width=&#8221;1/6&#8243;][/vc_column][vc_column width=&#8221;2/3&#8243;][vc_empty_space][vc_column_text] Okulary są często pierwszym i podstawowym sposobem korekcji wady wzroku. Należy też pamiętać, że w pewnym wieku najczęściej około 40 roku życia, okulary do czytania stają się przedmiotem niezbędnym do prawidłowego i komfortowego funkcjonowania narządu wzroku a ich brak lub nieprawidłowa korekcja okularowa może skutkować pojawieniem się objawów astenopii tj. zmęczenia oczu. [&hellip;]</p>
